ist the prime factors of 586.
2, 293
What are the prime factors of 480?
2, 3, 5
What are the prime factors of 828?
2, 3, 23
List the prime factors of 97364.
2, 101, 241
List the prime factors of 848.
2, 53
What are the prime factors of 43060?
2, 5, 2153
List the prime factors of 109.
109
List the prime factors of 2630.
2, 5, 263
List the prime factors of 2540.
2, 5, 127
List the prime factors of 4613.
7, 659
What are the prime factors of 33149?
33149
List the prime factors of 1565.
5, 313
What are the prime factors of 16244?
2, 31, 131
What are the prime factors of 39868?
2, 9967
List the prime factors of 2159.
17, 127
What are the prime factors of 808?
2, 101
List the prime factors of 11131.
11131
List the prime factors of 285.
3, 5, 19
List the prime factors of 35259.
3, 7, 23, 73
List the prime factors of 647.
647
What are the prime factors of 73189?
73189
List the prime factors of 260.
2, 5, 13
What are the prime factors of 148?
2, 37
List the prime factors of 10862.
2, 5431
What are the prime factors of 9691?
11, 881
List the prime factors of 20941.
43, 487
What are the prime factors of 1942?
2, 971
List the prime factors of 24847.
24847
What are the prime factors of 21205?
5, 4241
List the prime factors of 22168.
2, 17, 163
What are the prime factors of 4190?
2, 5, 419
List the prime factors of 1885.
5, 13, 29
List the prime factors of 46839.
3, 13, 1201
What are the prime factors of 1172?
2, 293
List the prime factors of 890.
2, 5, 89
List the prime factors of 725.
5, 29
What are the prime factors of 102538?
2, 167, 307
List the prime factors of 910.
2, 5, 7, 13
What are the prime factors of 12089?
7, 11, 157
List the prime factors of 3984.
2, 3, 83
What are the prime factors of 8137?
79, 103
List the prime factors of 1072.
2, 67
What are the prime factors of 2624?
2, 41
What are the prime factors of 10238?
2, 5119
What are the prime factors of 10410?
2, 3, 5, 347
List the prime factors of 596.
2, 149
List the prime factors of 3085.
5, 617
What are the prime factors of 18372?
2, 3, 1531
List the prime factors of 7714.
2, 7, 19, 29
What are the prime factors of 820?
2, 5, 41
List the prime factors of 12605.
5, 2521
List the prime factors of 49290.
2, 3, 5, 31, 53
List the prime factors of 5251.
59, 89
List the prime factors of 1482.
2, 3, 13, 19
What are the prime factors of 2981?
11, 271
What are the prime factors of 16042?
2, 13, 617
List the prime factors of 1294.
2, 647
List the prime factors of 269.
269
List the prime factors of 23149.
7, 3307
List the prime factors of 14441.
7, 2063
List the prime factors of 33324.
2, 3, 2777
List the prime factors of 15369.
3, 47, 109
What are the prime factors of 36?
2, 3
List the prime factors of 1011.
3, 337
List the prime factors of 2160.
2, 3, 5
What are the prime factors of 7776?
2, 3
List the prime factors of 9962.
2, 17, 293
What are the prime factors of 66513?
3, 22171
List the prime factors of 21825.
3, 5, 97
What are the prime factors of 2126?
2, 1063
What are the prime factors of 2286?
2, 3, 127
List the prime factors of 57872.
2, 3617
List the prime factors of 57667.
57667
What are the prime factors of 1024?
2
What are the prime factors of 112361?
112361
List the prime factors of 430.
2, 5, 43
What are the prime factors of 14324?
2, 3581
List the prime factors of 21068.
2, 23, 229
What are the prime factors of 9126?
2, 3, 13
What are the prime factors of 2451?
3, 19, 43
What are the prime factors of 16534?
2, 7, 1181
What are the prime factors of 77660?
2, 5, 11, 353
List the prime factors of 44800.
2, 5, 7
What are the prime factors of 3644?
2, 911
What are the prime factors of 60?
2, 3, 5
List the prime factors of 60579.
3, 53, 127
List the prime factors of 3291.
3, 1097
What are the prime factors of 1460?
2, 5, 73
List the prime factors of 1806.
2, 3, 7, 43
List the prime factors of 8259.
3, 2753
List the prime factors of 28693.
7, 4099
What are the prime factors of 1536?
2, 3
What are the prime factors of 21310?
2, 5, 2131
What are the prime factors of 5909?
19, 311
What are the prime factors of 827?
827
What are the prime factors of 628?
2, 157
List the prime factors of 417.
3, 139
List the prime factors of 92098.
2, 46049
List the prime factors of 485.
5, 97
What are the prime factors of 3121?
3121
What are the prime factors of 1003?
17, 59
What are the prime factors of 67249?
7, 13, 739
What are the prime factors of 13450?
2, 5, 269
List the prime factors of 6024.
2, 3, 251
List the prime factors of 78316.
2, 7, 2797
List the prime factors of 1368.
2, 3, 19
What are the prime factors of 6239?
17, 367
What are the prime factors of 21692?
2, 11, 17, 29
What are the prime factors of 15549?
3, 71, 73
List the prime factors of 41979.
3, 7, 1999
What are the prime factors of 1067?
11, 97
What are the prime factors of 25345?
5, 37, 137
What are the prime factors of 104271?
3, 34757
List the prime factors of 1981.
7, 283
What are the prime factors of 21756?
2, 3, 7, 37
List the prime factors of 40349.
157, 257
What are the prime factors of 914?
2, 457
What are the prime factors of 1047?
3, 349
List the prime factors of 14009.
14009
What are the prime factors of 33229?
7, 47, 101
What are the prime factors of 15291?
3, 1699
List the prime factors of 759.
3, 11, 23
What are the prime factors of 6575?
5, 263
List the prime factors of 872.
2, 109
What are the prime factors of 969?
3, 17, 19
What are the prime factors of 10870?
2, 5, 1087
List the prime factors of 56393.
56393
List the prime factors of 32.
2
What are the prime factors of 116879?
7, 59, 283
List the prime factors of 344.
2, 43
What are the prime factors of 13057?
11, 1187
What are the prime factors of 14240?
2, 5, 89
What are the prime factors of 402?
2, 3, 67
What are the prime factors of 1446?
2, 3, 241
List the prime factors of 1807.
13, 139
What are the prime factors of 3228?
2, 3, 269
List the prime factors of 30648.
2, 3, 1277
List the prime factors of 937.
937
List the prime factors of 1779.
3, 593
List the prime factors of 12705.
3, 5, 7, 11
What are the prime factors of 10187?
61, 167
What are the prime factors of 992?
2, 31
What are the prime factors of 1856?
2, 29
What are the prime factors of 3888?
2, 3
What are the prime factors of 478?
2, 239
What are the prime factors of 120098?
2, 11, 53, 103
List the prime factors of 1744.
2, 109
List the prime factors of 1353.
3, 11, 41
List the prime factors of 31687.
31687
What are the prime factors of 232?
2, 29
List the prime factors of 10343.
10343
What are the prime factors of 9773?
29, 337
What are the prime factors of 56553?
3, 7, 2693
What are the prime factors of 26370?
2, 3, 5, 293
List the prime factors of 4718.
2, 7, 337
List the prime factors of 2716.
2, 7, 97
List the prime factors of 2497.
11, 227
What are the prime factors of 27780?
2, 3, 5, 463
What are the prime factors of 3965?
5, 13, 61
List the prime factors of 924.
2, 3, 7, 11
What are the prime factors of 14799?
3, 4933
List the prime factors of 2748.
2, 3, 229
What are the prime factors of 2239?
2239
List the prime factors of 7200.
2, 3, 5
What are the prime factors of 39182?
2, 11, 13, 137
List the prime factors of 18841.
83, 227
List the prime factors of 9366.
2, 3, 7, 223
List the prime factors of 86199.
3, 59, 487
List the prime factors of 1505.
5, 7, 43
List the prime factors of 94752.
2, 3, 7, 47
What are the prime factors of 2885?
5, 577
What are the prime factors of 12060?
2, 3, 5, 67
List the prime factors of 151114.
2, 75557
What are the prime factors of 56707?
7, 8101
List the prime factors of 24242.
2, 17, 23, 31
List the prime factors of 11194.
2, 29, 193
List the prime factors of 4038.
2, 3, 673
List the prime factors of 7254.
2, 3, 13, 31
List the prime factors of 34748.
2, 7, 17, 73
What are the prime factors of 2400?
2, 3, 5
What are the prime factors of 2964?
2, 3, 13, 19
What are the prime factors of 15578?
2, 7789
List the prime factors of 40686.
2, 3, 6781
What are the prime factors of 37661?
13, 2897
What are the prime factors of 2276?
2, 569
List the prime factors of 69174.
2, 3, 7, 61
List the prime factors of 30536.
2, 11, 347
List the prime factors of 75966.
2, 3, 11, 1151
What are the prime factors of 1576?
2, 197
What are the prime factors of 128?
2
List the prime fa